ighest common divisor of 224 and 4960?
32
What is the highest common factor of 385526 and 174?
58
What is the greatest common divisor of 783944 and 112?
56
Calculate the greatest common divisor of 21 and 8512.
7
What is the greatest common factor of 6307 and 289?
17
Calculate the highest common factor of 121 and 4531450.
121
Calculate the greatest common factor of 6033 and 249.
3
Calculate the greatest common divisor of 7 and 1451597.
7
Calculate the greatest common divisor of 24 and 770376.
24
Calculate the highest common divisor of 272040 and 60.
60
Calculate the greatest common factor of 1 and 27653.
1
Calculate the highest common factor of 2915 and 15455.
55
Calculate the highest common divisor of 64 and 68560.
16
Calculate the highest common factor of 175448 and 104.
104
What is the greatest common factor of 1616 and 176?
16
What is the greatest common divisor of 2992 and 13200?
176
What is the greatest common factor of 8 and 18694?
2
What is the greatest common factor of 128 and 1152896?
128
What is the highest common factor of 72 and 1251864?
72
Calculate the greatest common divisor of 8538852 and 168.
84
What is the greatest common factor of 400 and 29520?
80
Calculate the greatest common factor of 715293 and 47.
47
Calculate the highest common factor of 160 and 1510820.
20
What is the greatest common divisor of 127 and 491109?
127
Calculate the highest common factor of 7505 and 1595.
5
Calculate the greatest common divisor of 62285 and 5.
5
What is the greatest common divisor of 9835 and 16800?
35
Calculate the highest common factor of 192 and 19296.
96
Calculate the highest common divisor of 67838 and 856.
214
What is the highest common divisor of 451672 and 3232?
808
What is the highest common divisor of 152 and 77728?
8
What is the highest common factor of 347 and 547913?
347
Calculate the highest common factor of 12036 and 318600.
708
What is the greatest common factor of 81 and 74817?
27
What is the greatest common factor of 2449 and 5983?
31
Calculate the highest common divisor of 7276 and 544.
68
Calculate the highest common factor of 3278 and 130226.
298
What is the highest common factor of 144440 and 46460?
460
What is the greatest common divisor of 3717 and 45017?
413
Calculate the highest common divisor of 19296 and 469.
67
Calculate the highest common factor of 30 and 104844.
6
Calculate the greatest common divisor of 8028 and 819.
9
Calculate the highest common divisor of 74664 and 144.
72
What is the highest common divisor of 171 and 589941?
9
What is the highest common factor of 2580 and 1580?
20
Calculate the highest common divisor of 29532 and 16264.
428
What is the greatest common factor of 42 and 97500?
6
Calculate the highest common divisor of 3280 and 4.
4
Calculate the greatest common factor of 45144 and 5225.
209
What is the greatest common factor of 49900 and 360?
20
Calculate the highest common factor of 1024 and 26848.
32
Calculate the highest common factor of 161 and 14.
7
Calculate the greatest common divisor of 3 and 948579.
3
What is the greatest common factor of 1483281 and 18?
9
Calculate the highest common factor of 7776 and 324.
324
Calculate the greatest common factor of 957 and 723840.
87
Calculate the greatest common divisor of 53565 and 105.
15
What is the greatest common factor of 3761091 and 18?
9
What is the highest common factor of 9120 and 6650?
190
What is the greatest common factor of 1011 and 1053799?
337
Calculate the highest common factor of 20763 and 1431.
27
Calculate the highest common divisor of 256 and 12256.
32
Calculate the highest common divisor of 100 and 5775.
25
What is the greatest common divisor of 66650 and 124?
62
What is the highest common divisor of 20682 and 162?
54
What is the highest common factor of 1552 and 4496?
16
What is the greatest common divisor of 39615 and 2780?
695
What is the highest common divisor of 12707 and 194?
97
What is the highest common divisor of 14378 and 4186?
182
Calculate the highest common divisor of 364 and 812.
28
What is the greatest common divisor of 4168800 and 576?
288
Calculate the greatest common factor of 5985 and 2014.
19
What is the greatest common factor of 27 and 519993?
27
What is the highest common factor of 15795 and 7785?
45
What is the highest common factor of 238 and 434?
14
What is the highest common factor of 5050 and 320473?
101
What is the greatest common divisor of 272 and 13277?
17
What is the greatest common divisor of 32231 and 386?
193
Calculate the greatest common divisor of 1125 and 24625.
125
Calculate the highest common factor of 28 and 21644.
28
Calculate the highest common factor of 167088 and 177.
177
Calculate the greatest common factor of 136 and 22712.
136
What is the highest common divisor of 70 and 103852?
14
Calculate the highest common divisor of 54336 and 192.
192
What is the highest common divisor of 3037229 and 12591?
1399
Calculate the highest common factor of 41 and 2380009.
41
What is the highest common divisor of 396 and 11988?
36
Calculate the highest common factor of 63 and 956823.
21
What is the greatest common factor of 61111 and 23?
23
Calculate the greatest common divisor of 16163 and 77.
7
Calculate the greatest common factor of 37708 and 88.
44
Calculate the greatest common divisor of 153 and 717519.
51
Calculate the greatest common divisor of 8160 and 222240.
480
Calculate the highest common divisor of 781 and 2123.
11
What is the highest common factor of 67192 and 296?
296
Calculate the highest common factor of 484 and 40660.
4
What is the greatest common factor of 15096 and 151256?
296
What is the highest common factor of 10117 and 604?
151
Calculate the highest common divisor of 11136 and 25752.
696
Calculate the highest common factor of 80 and 3428240.
80
What is the greatest common divisor of 2617 and 6?
1
Calculate the greatest common divisor of 87153 and 285.
57
Calculate the highest common divisor of 3159 and 7839.
117
Calculate the greatest common factor of 298784 and 64.
32
What is the greatest common factor of 561193 and 86?
43
What is the highest common divisor of 74384 and 204?
4
Calculate the greatest common factor of 32 and 2187232.
32
Calculate the highest common factor of 14 and 11144.
14
What is the greatest common divisor of 609324 and 12?
12
What is the highest common factor of 12 and 10836?
12
Calculate the greatest common factor of 3923 and 1.
1
What is the highest common divisor of 8938 and 656?
82
What is the highest common divisor of 9865 and 35?
5
What is the greatest common divisor of 140 and 1408148?
28
What is the greatest common factor of 1318764 and 60?
12
What is the greatest common factor of 442 and 4064853?
221
What is the greatest common divisor of 3114 and 5418?
18
What is the greatest common factor of 57439 and 316319?
809
Calculate the greatest common divisor of 306553 and 26.
13
What is the highest common divisor of 21 and 187936?
7
What is the highest common factor of 3575 and 24375?
325
Calculate the highest common factor of 51 and 602157.
51
Calculate the greatest common factor of 698 and 705329.
349
What is the greatest common divisor of 1036 and 756872?
148
Calculate the highest common factor of 2956 and 72.
4
What is the greatest common factor of 195 and 6863649?
39
What is the greatest common divisor of 102286 and 1194?
398
Calculate the highest common factor of 94822 and 182.
182
Calculate the greatest common divisor of 155 and 9083.
31
What is the highest common divisor of 2800 and 15610?
70
Calculate the greatest common factor of 4 and 34880.
4
What is the greatest common factor of 98646 and 246?
246
What is the greatest common divisor of 216 and 54702?
54
What is the greatest common factor of 4449571 and 7?
7
What is the highest common factor of 952 and 10584?
56
Calculate the highest common factor of 2261 and 200396.
119
Calculate the highest common divisor of 574572 and 108.
12
Calculate the greatest common factor of 3525 and 3225.
75
Calculate the highest common factor of 348 and 5976.
12
Calculate the highest common divisor of 17625 and 1125.
375
What is the greatest common divisor of 10125 and 16605?
405
Calculate the greatest common factor of 7385 and 55915.
1055
Calculate the highest common factor of 172664 and 6328.
904
Ca